uppose -4*f = -5*f + 18. Suppose 0 = -3*m + f + 9. What is the highest common factor of u and m?
9
Suppose -2*n = -7 - 49. Suppose 71*f - 724 = 51*f - 161*f. Calculate the greatest common divisor of n and f.
4
Suppose 0*v + 4*v + 2*g - 22 = 0, v - 10 = 4*g. Suppose 0 = -a - v*a + 42. Let o be ((-20)/(-12))/(-5) + 38/a. Calculate the highest common factor of 54 and o.
6
Suppose 0*t = -4*t + 16. Suppose -819 = -t*k + 757. Let c = -149 + k. Calculate the greatest common factor of 98 and c.
49
Suppose 11*w = 21*w + 25*w - 6160. Let n = 170 + -106. Calculate the greatest common divisor of w and n.
16
Let f(j) = 107*j + 187. Let m be f(4). Let w = -599 + m. Let d = -191 - -303. What is the highest common divisor of d and w?
16
Let m(q) = 7*q**2 + 111*q + 935. Let u be m(-11). Calculate the greatest common factor of u and 231.
33
Let t = -1445 - -2100. Suppose 263 = -4*o + t. Let v = o - 50. What is the highest common divisor of 16 and v?
16
Suppose 75*a = 72*a - 75. Let p(t) = 3*t + 93. Let o be p(a). Calculate the highest common divisor of o and 18.
18
Let a be 51/(-3) - (-1 + -1). Let m be a/(25/(-5)) + 1. Suppose -8 = m*k, b - 4*b + 7 = k. Calculate the greatest common factor of 15 and b.
3
Suppose -14*s - 5*q - 1193 = -18*s, 2*s - 4*q = 598. Suppose 0 = -0*r - 2*r + 108. What is the greatest common factor of r and s?
27
Let t be (-1)/2 + (-2595)/(-6). Let z = -53756 + 53772. What is the greatest common factor of t and z?
16
Let d(z) = 4*z**2 - 15*z + 5. Let p be d(4). Let r be 0 + -1 + p + (-4 - -2). Suppose m - 224 = -r*m. What is the greatest common factor of m and 8?
8
Suppose 140 = -49*h + 53*h. What is the highest common divisor of 55 and h?
5
Let x = 4956 - 4575. Calculate the greatest common factor of 1651 and x.
127
Suppose -6*x + 91*x - 852480 + 116040 = 0. Calculate the greatest common divisor of 38 and x.
38
Let d be (9/(-4))/(5/(-20)). Let g be (-70)/(-4) + d/6. What is the highest common divisor of 114 and g?
19
Let g be (42/(-8))/7*-24. Let u be (-6)/(-12)*1/1*28. Suppose 4*m + u = -6, r + m = 85. What is the highest common factor of r and g?
18
Let d be 1262287/534 + 21/18. Calculate the greatest common factor of d and 110.
55
Suppose 13*t = 17*t. Suppose -r - 103 = -t*a + 5*a, 4*a + 2*r + 86 = 0. Let j = 35 + a. What is the greatest common divisor of 165 and j?
15
Suppose -2*m + 29 = -4*s - 25, -5*m = -2*s - 159. Suppose -m*p = -41*p + 104. Calculate the highest common factor of p and 533.
13
Let j = -23 - -15. Let f = -3 - j. Let i = 2897 + -2892. What is the highest common divisor of i and f?
5
Suppose 177*o = -30*o + 57*o + 9450. Calculate the highest common divisor of o and 27.
9
Suppose -10*c + 48 = -172. Suppose 17*a = c*a + 325. Let p = -32 - a. What is the highest common divisor of 22 and p?
11
Suppose 2*d + 4*z - 286 = 0, -3*z - 28 = -2*d + 314. What is the greatest common factor of d and 1537?
53
Suppose -2*x + 63 = -23*x. Let b be 0/(1 + 1) + 2. Let z be 2/((b + 8/x)*-3). What is the highest common factor of z and 5?
1
Let y(p) = -p**3 + 39*p**2 + 3*p - 55. Let l be y(39). What is the greatest common divisor of 1271 and l?
31
Suppose 92*n - 89*n - 159 = 0. Calculate the highest common divisor of 1537 and n.
53
Suppose -333*i + 30438 + 1530 = 0. Calculate the highest common factor of 10776 and i.
24
Suppose 0 = -4*n + 37*a - 35*a + 698, 0 = 2*n - 5*a - 337. Calculate the greatest common factor of 616 and n.
88
Let y = 17721 + -9294. Calculate the greatest common divisor of 106 and y.
53
Let q = 2079 + 768. Calculate the greatest common divisor of 156 and q.
39
Let c = 95 + -94. Suppose l + 4 = -c, -14 = t + 3*l. Let g(z) = 39*z**2 + z. Let k be g(t). Calculate the greatest common factor of k and 16.
8
Let u = 378 - 188. Let m(b) = -b. Let r(k) = -2*k**2 - 14*k + 10. Let a(c) = 4*m(c) - r(c). Let y be a(-8). Calculate the highest common factor of u and y.
38
Let l be 4*175 - (14/(-4) - (-1680)/160). What is the highest common divisor of 3696 and l?
231
Let r = 98219 - 50456. What is the highest common divisor of 261 and r?
261
Let m(f) = 32*f + 107. Let w(p) = -30*p - 108. Let t(c) = 2*m(c) + 3*w(c). Let x be t(-7). Calculate the greatest common divisor of 312 and x.
24
Let p(g) = 6*g**2 + 6*g - 35. Let i be -12 - (-7 - (4 - 7)). Let w be p(i). Calculate the highest common factor of 43 and w.
43
Let g be (-52)/(-234) + (-1328)/(-18). Let c be (66 - g)*(-14)/8. Calculate the greatest common divisor of c and 133.
7
Let m = 1210 + -1198. Suppose -4*i = 2*o - 314, -2*o + 5*i + 5 = -327. Suppose m*s - o = 1087. What is the highest common divisor of 26 and s?
26
Let p(f) = f**2 - 30*f. Let t be p(30). Suppose t = 13*c - 29 - 49. What is the highest common divisor of c and 102?
6
Let s = 18646 - 18642. What is the highest common factor of 1944 and s?
4
Suppose 2*q = -2*p + 1044, 2*q = -5*p + 1681 + 938. Let s = p - 371. Calculate the highest common factor of s and 14.
14
Let d be (-8 - -2)*35/(-10). Suppose -5*r + 4*a = -147, -r + 12 + d = -2*a. Calculate the greatest common factor of 36 and r.
9
Suppose -234 = -5*q + 91. Let y = q + -59. Let c = y - -9. Calculate the greatest common factor of 6 and c.
3
Let g = 5037 - 4927. Let t be (-1 - -61 - -2 - 4) + -3. Calculate the greatest common divisor of t and g.
55
Suppose 61 = 5*c + k - 3*k, 0 = -2*c + 5*k + 37. Suppose -4*b = 5*j - 393, 4*b = 4*j - 435 + 135. What is the greatest common factor of c and j?
11
Let y = -166 + 224. Let r = -8 - -12. Suppose -3*j + 5*h = -303 + y, 321 = r*j - h. What is the highest common factor of j and 200?
40
Suppose 0*z + 2*z = 4*y - 2, -2*z = 2*y - 22. Suppose -z*i = -901 + 82. Calculate the greatest common factor of 9 and i.
9
Suppose 0 = -x + 4*x - 360. Let s(z) = -z**3 - 65*z**2 - 126*z + 40. Let j be s(-63). What is the greatest common divisor of x and j?
40
Let f be (-11 + 474/30)/((-1)/(-25)). Suppose -4*b + 5*b - f = 0. What is the highest common factor of 96 and b?
24
Suppose j = -2*j - 30. Let q be (65 + 1)*(-4 - 115/j). Let a = -255 + q. Calculate the greatest common factor of a and 24.
24
Let n be (-4404)/9*(-2 - 35/(-7)). Let j be -1 + n/(-6) + (-72)/108. Calculate the greatest common divisor of 9 and j.
9
Let a be 144/3 + 9*-1. Suppose 4*l - 1857 = -5*o, a*o + 1848 = 44*o + l. What is the greatest common factor of 41 and o?
41
Suppose 0*z - 3*q + 168 = z, -4*q = 16. Calculate the greatest common divisor of z and 972.
36
Suppose 0 = -4*k + 32, 2*k = 19*f - 21*f + 2446. Calculate the greatest common divisor of 495 and f.
45
Let z = -7 - -4. Let c = 525 + -693. Let b be z*c/(-49)*(-28)/3. Calculate the greatest common divisor of b and 64.
32
Let i = -744 - -749. What is the highest common divisor of i and 16?
1
Suppose 5*g + 10 = -3*y, y + 0 = -2*g - 4. Suppose -5*m + y*m = -1540. Suppose 1512 = -581*o + 635*o. What is the highest common factor of o and m?
28
Suppose -6*p + 7*p = 2. Let t be (104/273 + p/7)*63. What is the greatest common divisor of t and 14?
14
Let j(n) = 7*n**2 - 51*n - 25. Let d be j(8). Calculate the highest common divisor of 1329 and d.
3
Suppose 2*o + 11 = -u, o + 3*u = 5*u - 8. Let i be (-1 + -49)*3/o. Calculate the highest common divisor of 25 and i.
25
Let y = -2220 + 2235. Calculate the greatest common factor of 435 and y.
15
Let h(i) = 12*i**2 - 2*i + 1. Let x be h(1). Let o be -2*(-237)/24 + 7/28. Suppose 0 = -o*d + 1076 + 904. What is the highest common divisor of x and d?
11
Suppose -4*r - 4*k = -180, 305*r + 5*k = 309*r - 153. What is the highest common factor of r and 270?
6
Let g be ((-125600)/320)/((-10)/52). What is the highest common factor of 52 and g?
13
Suppose 4*u + 14 = 2*t + 2, -5*t + 60 = 5*u. Let r = -180 - -175. Let z be (-1)/r + 4*(-6)/(-5). Calculate the greatest common divisor of t and z.
5
Let j be 7 - (-45)/(-9) - (-169 + -1). Calculate the highest common factor of j and 52.
4
Let f = -6 - -12. Suppose f*s + 417 = -207. Let a = s + 107. Calculate the greatest common factor of a and 15.
3
Suppose -97*f = 3309 - 40557. What is the highest common divisor of f and 2832?
48
Let d = -3004 - -3166. Calculate the greatest common divisor of 882 and d.
18
Suppose -2*s - 187*g + 718 = -185*g, 5*g + 1013 = 3*s. Calculate the highest common divisor of 13 and s.
13
Suppose 3*s - h = 0, 2*s - s =